{"id":25,"date":"2023-06-20T19:14:31","date_gmt":"2023-06-20T19:14:31","guid":{"rendered":"https:\/\/nowak-adwokat.pl\/?page_id=25"},"modified":"2023-06-20T19:14:31","modified_gmt":"2023-06-20T19:14:31","slug":"prawo-cywilne","status":"publish","type":"page","link":"https:\/\/nowak-adwokat.pl\/index.php\/prawo-cywilne\/","title":{"rendered":"Prawo cywilne"},"content":{"rendered":"\n<p><strong>obejmuje wsparcie m.in. w sprawach zwi\u0105zanych z:<\/strong><\/p>\n\n\n\n<p>&#8211; o zap\u0142at\u0119, w tym w post\u0119powaniu uproszczonym, post\u0119powaniu nakazowym oraz post\u0119powaniu upominawczym<\/p>\n\n\n\n<p>&#8211; o odszkodowanie i zado\u015b\u0107uczynienie z czyn\u00f3w niedozwolonych<\/p>\n\n\n\n<p>&#8211; o odszkodowanie z tytu\u0142u wypadku komunikacyjnego, o odszkodowanie powypadkowe<\/p>\n\n\n\n<p>&#8211; o odszkodowanie z tytu\u0142u b\u0142\u0119du medycznego, w tym odszkodowania za b\u0142\u0119dy lekarskie<\/p>\n\n\n\n<p>&#8211; o zasiedzenie<\/p>\n\n\n\n<p>&#8211; o zniesienie wsp\u00f3\u0142w\u0142asno\u015bci nieruchomo\u015bci oraz ruchomo\u015bci,<\/p>\n\n\n\n<p>&#8211; o rozgraniczenie,<\/p>\n\n\n\n<p>&#8211; o ochron\u0119 posiadania,<\/p>\n\n\n\n<p>&#8211; zwi\u0105zane ze s\u0142u\u017cebno\u015bciami gruntowymi (s\u0142u\u017cebno\u015b\u0107 drogi koniecznej), osobistymi i przesy\u0142u,<\/p>\n\n\n\n<p>&#8211; spadkowe, w tym m.in. o stwierdzenie nabycia spadku, dzia\u0142 spadku, zachowek,<\/p>\n\n\n\n<p>&#8211; o podzia\u0142 maj\u0105tku,<\/p>\n\n\n\n<p>&#8211; o odwo\u0142anie darowizny,<\/p>\n\n\n\n<p>&#8211; o ubezw\u0142asnowolnienie,<\/p>\n\n\n\n<p>&#8211; o roszczenia z tytu\u0142u bezpodstawnego wzbogacenia,<\/p>\n\n\n\n<p>&#8211; o ochron\u0119 d\u00f3br osobistych,<\/p>\n\n\n\n<p>&#8211; o niewykonanie lub nielnale\u017cyte wykonanie um\u00f3w, np. umowy sprzeda\u017cy, umowy o dzie\u0142o, umowy o roboty budowlane, umowy najmu, umowy zlecenia, umowy ubezpieczenia,<\/p>\n\n\n\n<p>&#8211; zwi\u0105zane z ochron\u0105 wierzyciela w razie niewyp\u0142acalno\u015bci d\u0142u\u017cnika (skarga paulia\u0144ska),<\/p>\n\n\n\n<p>Ponadto, powierzaj\u0105c swoje interesy mog\u0105 Pa\u0144stwo liczy\u0107 na:<\/p>\n\n\n\n<ul>\n<li><strong>reprezentowanie przed s\u0105dami<\/strong>, urz\u0119dami, w post\u0119powaniach egzekucyjnych przed komornikiem,<\/li>\n\n\n\n<li><strong>sporz\u0105dzanie pism procesowych<\/strong>, takich jak pozwy, wnioski, odpowiedzi na pozwy, odpowiedzi na wnioski, sprzeciwy od nakaz\u00f3w i wyrok\u00f3w, apelacje, za\u017calenia, skargi,<\/li>\n\n\n\n<li><strong>udzia\u0142 adwokata w negocjacjach mi\u0119dzy stronami<\/strong>, ugodowych rozmowach mi\u0119dzy stronami,<\/li>\n\n\n\n<li><strong>udzielanie porad prawnych<\/strong>.<\/li>\n<\/ul>\n","protected":false},"excerpt":{"rendered":"<p>obejmuje wsparcie m.in. w sprawach zwi\u0105zanych z: &#8211; o zap\u0142at\u0119, w tym w post\u0119powaniu uproszczonym, post\u0119powaniu nakazowym oraz post\u0119powaniu upominawczym &#8211; o odszkodowanie i zado\u015b\u0107uczynienie z czyn\u00f3w niedozwolonych &#8211; o odszkodowanie z tytu\u0142u wypadku komunikacyjnego, o odszkodowanie powypadkowe &#8211; o odszkodowanie z tytu\u0142u b\u0142\u0119du medycznego, w tym odszkodowania za b\u0142\u0119dy lekarskie &#8211; o zasiedzenie &#8211; [&hellip;]<\/p>\n","protected":false},"author":1,"featured_media":0,"parent":0,"menu_order":0,"comment_status":"closed","ping_status":"closed","template":"","meta":[],"_links":{"self":[{"href":"https:\/\/nowak-adwokat.pl\/index.php\/wp-json\/wp\/v2\/pages\/25"}],"collection":[{"href":"https:\/\/nowak-adwokat.pl\/index.php\/wp-json\/wp\/v2\/pages"}],"about":[{"href":"https:\/\/nowak-adwokat.pl\/index.php\/wp-json\/wp\/v2\/types\/page"}],"author":[{"embeddable":true,"href":"https:\/\/nowak-adwokat.pl\/index.php\/wp-json\/wp\/v2\/users\/1"}],"replies":[{"embeddable":true,"href":"https:\/\/nowak-adwokat.pl\/index.php\/wp-json\/wp\/v2\/comments?post=25"}],"version-history":[{"count":1,"href":"https:\/\/nowak-adwokat.pl\/index.php\/wp-json\/wp\/v2\/pages\/25\/revisions"}],"predecessor-version":[{"id":26,"href":"https:\/\/nowak-adwokat.pl\/index.php\/wp-json\/wp\/v2\/pages\/25\/revisions\/26"}],"wp:attachment":[{"href":"https:\/\/nowak-adwokat.pl\/index.php\/wp-json\/wp\/v2\/media?parent=25"}],"curies":[{"name":"wp","href":"https:\/\/api.w.org\/{rel}","templated":true}]}}