{"id":2,"date":"2023-05-31T22:05:10","date_gmt":"2023-05-31T22:05:10","guid":{"rendered":"https:\/\/nowak-adwokat.pl\/?page_id=2"},"modified":"2024-10-31T01:56:15","modified_gmt":"2024-10-31T01:56:15","slug":"sample-page","status":"publish","type":"page","link":"https:\/\/nowak-adwokat.pl\/index.php\/sample-page\/","title":{"rendered":"Kontakt"},"content":{"rendered":"\n<p>Adwokat <strong>Krzysztof Nowak<\/strong><\/p>\n\n\n\n<p><\/p>\n\n\n\n<p><a href=\"mailto:kancelaria@nowak-adwokat.pl\">kancelaria@nowak-adwokat.pl<\/a><\/p>\n\n\n\n<div style=\"height:100px\" aria-hidden=\"true\" class=\"wp-block-spacer\"><\/div>\n\n\n\n<div class=\"wp-block-columns is-layout-flex wp-container-3\">\n<div class=\"wp-block-column is-layout-flow\" style=\"flex-basis:33.33%\">\n<p>ul. <strong>G\u00f3rzysta 14\/24<\/strong><\/p>\n\n\n\n<p class=\"has-small-font-size\">27-400 Ostrowiec \u015aw.<\/p>\n\n\n\n<p>tel. <strong>503&nbsp;190&nbsp;273<\/strong><\/p>\n<\/div>\n\n\n\n<div class=\"wp-block-column is-layout-flow\" style=\"flex-basis:66.66%\">\n<figure class=\"wp-block-image size-full\"><iframe src=\"https:\/\/www.google.com\/maps\/embed?pb=!1m14!1m8!1m3!1d2053.981351518435!2d21.38617204054439!3d50.93882615637287!3m2!1i1024!2i768!4f13.1!3m3!1m2!1s0x471809072e7a2aef%3A0x202009f4bf444be!2sG%C3%B3rzysta%2014%2F24%2C%2027-400%20Ostrowiec%20%C5%9Awi%C4%99tokrzyski!5e0!3m2!1spl!2spl!4v1688043698080!5m2!1spl!2spl\" style=\"border:0;\" allowfullscreen=\"\" loading=\"lazy\" referrerpolicy=\"no-referrer-when-downgrade\" width=\"400\" height=\"450\"><\/iframe><\/figure>\n<\/div>\n<\/div>\n\n\n\n<div style=\"height:100px\" aria-hidden=\"true\" class=\"wp-block-spacer\"><\/div>\n\n\n\n<p class=\"has-medium-font-size\"><strong>Kancelaria przyjmuje interesant\u00f3w:<\/strong><\/p>\n\n\n\n<div class=\"wp-block-columns is-layout-flex wp-container-6\">\n<div class=\"wp-block-column is-layout-flow\">\n<p class=\"has-small-font-size\">Poniedzia\u0142ek 9:00 &#8211; 15:00<\/p>\n\n\n\n<p class=\"has-small-font-size\">Wtorek 9:00 &#8211; 15:00<\/p>\n\n\n\n<p class=\"has-small-font-size\">\u015aroda 9:00 &#8211; 15:00<\/p>\n\n\n\n<p class=\"has-small-font-size\">Czwartek 9:00-15:00<\/p>\n\n\n\n<p class=\"has-small-font-size\">Pi\u0105tek &#8211; po wcze\u015bniejszym kontakcie telefonicznym<\/p>\n<\/div>\n\n\n\n<div class=\"wp-block-column is-layout-flow\">\n<p>Po wcze\u015bniejszym uzgodnieniu spotkania mo\u017cliwe s\u0105 r\u00f3wnie\u017c <strong>godziny wcze\u015bniejsze i p\u00f3\u017aniejsze<\/strong>.<\/p>\n<\/div>\n<\/div>\n\n\n\n<p>Preferowane jest wcze\u015bniejsze um\u00f3wienie spotkania (tel. 503\u00a0190 273 lub poprzez formularz poni\u017cej).<\/p>\n\n\n\n<p>Pomoc prawna \u015bwiadczona jest g\u0142\u00f3wnie w siedzibie kancelarii w godzinach jej urz\u0119dowania, jednak\u017ce po wcze\u015bniejszym dokonaniu ustale\u0144 drog\u0105 mailow\u0105 lub telefoniczn\u0105 mo\u017cliwe jest \u015bwiadczenie pomocy prawnej poza siedzib\u0105 kancelarii, a tak\u017ce poza wyznaczonymi godzinami jej urz\u0119dowania.<\/p>\n\n\n\n<div style=\"height:44px\" aria-hidden=\"true\" class=\"wp-block-spacer\"><\/div>\n\n\n\n<p class=\"has-medium-font-size\"><strong>SPRAWY PILNE &#8211; DY\u017bUR<\/strong><\/p>\n\n\n\n<p>W przypadkach pilnych, w tym m.in. w sprawie zatrzyma\u0144 przez Policj\u0119, Stra\u017c Graniczn\u0105 i inne organy \u015bcigania jak i w sprawie weekendowych posiedze\u0144 w przedmiocie tymczasowego aresztowania prosz\u0119 o kontakt SMS na nr Kancelarii, tj. 503&nbsp;190 273 wraz z pro\u015bb\u0105 o pilny kontakt w sprawie zatrzymania lub aresztu.<\/p>\n\n\n\n<div style=\"height:100px\" aria-hidden=\"true\" class=\"wp-block-spacer\"><\/div>\n\n\n\n<h2 class=\"wp-block-heading\">Um\u00f3w wizyt\u0119<\/h2>\n\n\n","protected":false},"excerpt":{"rendered":"<p>Adwokat Krzysztof Nowak kancelaria@nowak-adwokat.pl ul. G\u00f3rzysta 14\/24 27-400 Ostrowiec \u015aw. tel. 503&nbsp;190&nbsp;273 Kancelaria przyjmuje interesant\u00f3w: Poniedzia\u0142ek 9:00 &#8211; 15:00 Wtorek 9:00 &#8211; 15:00 \u015aroda 9:00 &#8211; 15:00 Czwartek 9:00-15:00 Pi\u0105tek &#8211; po wcze\u015bniejszym kontakcie telefonicznym Po wcze\u015bniejszym uzgodnieniu spotkania mo\u017cliwe s\u0105 r\u00f3wnie\u017c godziny wcze\u015bniejsze i p\u00f3\u017aniejsze. Preferowane jest wcze\u015bniejsze um\u00f3wienie spotkania (tel. 503\u00a0190 273 lub [&hellip;]<\/p>\n","protected":false},"author":1,"featured_media":0,"parent":0,"menu_order":0,"comment_status":"closed","ping_status":"open","template":"","meta":[],"_links":{"self":[{"href":"https:\/\/nowak-adwokat.pl\/index.php\/wp-json\/wp\/v2\/pages\/2"}],"collection":[{"href":"https:\/\/nowak-adwokat.pl\/index.php\/wp-json\/wp\/v2\/pages"}],"about":[{"href":"https:\/\/nowak-adwokat.pl\/index.php\/wp-json\/wp\/v2\/types\/page"}],"author":[{"embeddable":true,"href":"https:\/\/nowak-adwokat.pl\/index.php\/wp-json\/wp\/v2\/users\/1"}],"replies":[{"embeddable":true,"href":"https:\/\/nowak-adwokat.pl\/index.php\/wp-json\/wp\/v2\/comments?post=2"}],"version-history":[{"count":15,"href":"https:\/\/nowak-adwokat.pl\/index.php\/wp-json\/wp\/v2\/pages\/2\/revisions"}],"predecessor-version":[{"id":170,"href":"https:\/\/nowak-adwokat.pl\/index.php\/wp-json\/wp\/v2\/pages\/2\/revisions\/170"}],"wp:attachment":[{"href":"https:\/\/nowak-adwokat.pl\/index.php\/wp-json\/wp\/v2\/media?parent=2"}],"curies":[{"name":"wp","href":"https:\/\/api.w.org\/{rel}","templated":true}]}}